{"id":233,"date":"2021-03-29T11:23:07","date_gmt":"2021-03-29T14:23:07","guid":{"rendered":"https:\/\/www.imperioalemao.com.br\/klagenfurt\/?page_id=233"},"modified":"2021-03-30T12:51:00","modified_gmt":"2021-03-30T15:51:00","slug":"sobre-o-palatinado","status":"publish","type":"page","link":"https:\/\/www.imperioalemao.com.br\/klagenfurt\/sobre-o-palatinado\/","title":{"rendered":"Sobre o Palatinado"},"content":{"rendered":"\n<p class=\"has-drop-cap\">O Palatinado de Klagenfurt, encarregado do exerc\u00edcio da <strong>Autoridade Monet\u00e1ria Alem\u00e3<\/strong> pelo <a href=\"https:\/\/imperioalemao.com.br\/2021\/03\/17\/decreto-imperial-no-251-21\/\" target=\"_blank\" rel=\"noreferrer noopener\">Decreto Imperial n\u00ba 251-21<\/a> de Sua Germ\u00e2nica Majestade, \u00e9 o \u00f3rg\u00e3o superior de pol\u00edtica monet\u00e1ria e cambial do <a href=\"https:\/\/imperioalemao.com.br\/\" target=\"_blank\" rel=\"noreferrer noopener\">Imp\u00e9rio Alem\u00e3o<\/a>, uma microna\u00e7\u00e3o lus\u00f3fona. Em articula\u00e7\u00e3o com o <em>Reichsbank<\/em>, que opera a tecnologia financeira do Imp\u00e9rio, o Palatinado exerce fun\u00e7\u00f5es an\u00e1logas \u00e0s de um banco central, competindo-lhe fomentar o crescimento sustent\u00e1vel da economia nacional. Para o efeito, a Autoridade Monet\u00e1ria Alem\u00e3 tem ao seu dispor uma s\u00e9rie de instrumentos de pol\u00edtica monet\u00e1ria e cambial, al\u00e9m de assistir o Governo na implementa\u00e7\u00e3o da sua pol\u00edtica financeira.<\/p>\n\n\n\n<div class=\"wp-block-group has-background-color has-midnight-gradient-background has-text-color has-background\"><div class=\"wp-block-group__inner-container is-layout-flow wp-block-group-is-layout-flow\">\n<h4 class=\"wp-block-heading\">Microna\u00e7\u00e3o?<\/h4>\n\n\n\n<h5 class=\"has-small-font-size wp-block-heading\">Micronacionalismo, Pa\u00eds-Modelismo ou Simula\u00e7\u00e3o de Pa\u00eds \u00e9 um dos hobbies que lidam com simula\u00e7\u00f5es de pa\u00edses. O Micronacionalismo \u00e9 uma atividade t\u00e3o antiga quanto a pr\u00f3pria pol\u00edtica, se considerarmos que as primeiras comunidades humanas come\u00e7aram exatamente da mesma forma que as microna\u00e7\u00f5es: um grupo de pessoas que se une para formar uma organiza\u00e7\u00e3o social que mais tarde levar\u00e1 a um Estado.<\/h5>\n\n\n\n<p class=\"has-text-align-right has-background-color has-text-color\"><a href=\"https:\/\/imperioalemao.com.br\/\" target=\"_blank\" rel=\"noreferrer noopener\" title=\"https:\/\/imperioalemao.com.br\/\">Leia mais sobre o Imp\u00e9rio Alem\u00e3o<\/a><\/p>\n<\/div><\/div>\n\n\n\n<div style=\"height:10px\" aria-hidden=\"true\" class=\"wp-block-spacer\"><\/div>\n\n\n\n<p class=\"has-drop-cap\">Al\u00e9m do controle direto da pol\u00edtica monet\u00e1ria do Imp\u00e9rio, o Palatinado exerce uma magistratura de influ\u00eancia na condu\u00e7\u00e3o geral da pol\u00edtica econ\u00f3mica nacional, com o fito de garantir o cumprimento dos <strong>objetivos de longo prazo<\/strong> da economia alem\u00e3. Assim, a Autoridade Monet\u00e1ria coleta, analisa e produz diversas estat\u00edsticas e outra informa\u00e7\u00e3o econ\u00f3mica relevante para a sua pr\u00f3pria a\u00e7\u00e3o (por exemplo, calcula o N\u00edvel Geral de Pre\u00e7os, a taxa de infla\u00e7\u00e3o e a taxa de crescimento do Produto Interno Bruto), bem como para a a\u00e7\u00e3o governativa em sentido lato (por exemplo, calcula o Sal\u00e1rio M\u00e9dio Nacional e a taxa de desemprego).<\/p>\n\n\n\n<p class=\"has-drop-cap\">Outras prerrogativas do Palatinado de Klagenfurt incluem a supervis\u00e3o e regulamenta\u00e7\u00e3o do exerc\u00edcio das capacidades t\u00e9cnicas de banco central do <em>Reichsbank<\/em>, a emiss\u00e3o de pareceres acerca de projetos legislativos de \u00e2mbito econ\u00f3mico e o poder de <strong>iniciativa legislativa<\/strong> em mat\u00e9ria de pol\u00edtica monet\u00e1ria e cambial. Todas estas atribui\u00e7\u00f5es t\u00eam por objetivo dotar o Palatinado e a Autoridade Monet\u00e1ria Alem\u00e3 n\u00e3o s\u00f3 do poder, mas tamb\u00e9m da <strong>influ\u00eancia<\/strong> caracter\u00edsticos dos bancos centrais macronacionais. A disponibilidade de v\u00e1rios instrumentos para fazer valer a pol\u00edtica definida pela Autoridade Monet\u00e1ria \u00e9 um claro sinal a todos os agentes econ\u00f3micos que, em mat\u00e9ria de pol\u00edtica monet\u00e1ria e cambial, o poder do Palatinado de Klagenfurt \u00e9 consequente.<\/p>\n\n\n\n<figure class=\"wp-block-image size-large\"><img loading=\"lazy\" decoding=\"async\" width=\"1024\" height=\"576\" src=\"https:\/\/www.imperioalemao.com.br\/klagenfurt\/wp-content\/uploads\/2021\/03\/rainer-hof-1024x576.jpg\" alt=\"\" class=\"wp-image-222\" srcset=\"https:\/\/www.imperioalemao.com.br\/klagenfurt\/wp-content\/uploads\/2021\/03\/rainer-hof-1024x576.jpg 1024w, https:\/\/www.imperioalemao.com.br\/klagenfurt\/wp-content\/uploads\/2021\/03\/rainer-hof-300x169.jpg 300w, https:\/\/www.imperioalemao.com.br\/klagenfurt\/wp-content\/uploads\/2021\/03\/rainer-hof-768x432.jpg 768w, https:\/\/www.imperioalemao.com.br\/klagenfurt\/wp-content\/uploads\/2021\/03\/rainer-hof-1536x864.jpg 1536w, https:\/\/www.imperioalemao.com.br\/klagenfurt\/wp-content\/uploads\/2021\/03\/rainer-hof-2048x1152.jpg 2048w, https:\/\/www.imperioalemao.com.br\/klagenfurt\/wp-content\/uploads\/2021\/03\/rainer-hof-1200x675.jpg 1200w, https:\/\/www.imperioalemao.com.br\/klagenfurt\/wp-content\/uploads\/2021\/03\/rainer-hof-1980x1114.jpg 1980w\" sizes=\"auto, (max-width: 1024px) 100vw, 1024px\" \/><figcaption>Rainer-Hof, a sede da Autoridade Monet\u00e1ria Alem\u00e3 (<em>Foto: Johann Jaritz \/ CC BY-SA 4.0<\/em>)<\/figcaption><\/figure>\n","protected":false},"excerpt":{"rendered":"<p>O Palatinado de Klagenfurt, encarregado do exerc\u00edcio da Autoridade Monet\u00e1ria Alem\u00e3 pelo Decreto Imperial n\u00ba 251-21 de Sua Germ\u00e2nica Majestade, \u00e9 o \u00f3rg\u00e3o superior de pol\u00edtica monet\u00e1ria e cambial do Imp\u00e9rio Alem\u00e3o, uma microna\u00e7\u00e3o lus\u00f3fona. Em articula\u00e7\u00e3o com o Reichsbank, que opera a tecnologia financeira do Imp\u00e9rio, o Palatinado exerce fun\u00e7\u00f5es an\u00e1logas \u00e0s de um [&hellip;]<\/p>\n","protected":false},"author":2,"featured_media":0,"parent":0,"menu_order":0,"comment_status":"closed","ping_status":"closed","template":"","meta":{"footnotes":""},"class_list":["post-233","page","type-page","status-publish","hentry"],"aioseo_notices":[],"_links":{"self":[{"href":"https:\/\/www.imperioalemao.com.br\/klagenfurt\/wp-json\/wp\/v2\/pages\/233","targetHints":{"allow":["GET"]}}],"collection":[{"href":"https:\/\/www.imperioalemao.com.br\/klagenfurt\/wp-json\/wp\/v2\/pages"}],"about":[{"href":"https:\/\/www.imperioalemao.com.br\/klagenfurt\/wp-json\/wp\/v2\/types\/page"}],"author":[{"embeddable":true,"href":"https:\/\/www.imperioalemao.com.br\/klagenfurt\/wp-json\/wp\/v2\/users\/2"}],"replies":[{"embeddable":true,"href":"https:\/\/www.imperioalemao.com.br\/klagenfurt\/wp-json\/wp\/v2\/comments?post=233"}],"version-history":[{"count":9,"href":"https:\/\/www.imperioalemao.com.br\/klagenfurt\/wp-json\/wp\/v2\/pages\/233\/revisions"}],"predecessor-version":[{"id":266,"href":"https:\/\/www.imperioalemao.com.br\/klagenfurt\/wp-json\/wp\/v2\/pages\/233\/revisions\/266"}],"wp:attachment":[{"href":"https:\/\/www.imperioalemao.com.br\/klagenfurt\/wp-json\/wp\/v2\/media?parent=233"}],"curies":[{"name":"wp","href":"https:\/\/api.w.org\/{rel}","templated":true}]}}